culate -22 - (-24 - (-33 + 25 - 21)).
-27
What is the value of (-28 - (0 - (28 - 19))) + 12?
-7
What is -9 + 32 + -15 + -6 + -4?
-2
What is the value of (-344 - -322 - (2 - 0 - 14)) + (10 - 0)?
0
What is the value of (-5 - (-12 + (9 - 8))) + 17 + -5 - -12?
30
Evaluate (-4 - -20 - 18 - -9) + -35 - 18.
-46
What is 1 - -42 - (122 + 3 - 103)?
21
Evaluate 28 + (32 - 32) + 10.
38
What is the value of -14 - (23 + -40) - (-6 - ((3 - 6) + 54))?
60
What is 26 + (-16 - -42) + -78 - 17?
-43
Calculate -66 + (-143 - (-35 + -94)).
-80
(14 - 17) + (42 + -26 - (14 + 153))
-154
What is -32 + 9 + 3 - -9?
-11
What is -15 + (8 - 17) + -2 + 10 + -48?
-64
1 + 1 - 1 - ((-52 - -4) + -89)
138
What is -29 + 36 + -15 + 37?
29
Calculate -4 - 30 - (2 + -6 + 8 + -1 + 4).
-41
What is (-1 - 1) + -2 + -17486 + 17510?
20
What is the value of -15 - -2 - (10 - (-19 + 42) - (22 - 71))?
-49
What is -14 + (-24 - -43) + -27?
-22
Calculate 269 - 242 - (47 - (-1 - -4)).
-17
What is -66 + -2 + 2 + 108 + 27 + -120?
-51
(10 - (-4 + 3) - (-417 + 438)) + 119
109
What is the value of 45 - (-44 - (10 - 30))?
69
Evaluate (-1 - -21) + (-1 - -22) - -7.
48
Calculate 123 + -106 - (-7 - (-18 - 1)).
5
13 + (-12 - 0) - (16 - 4 - -4)
-15
Calculate -14 + 7 + 10 + (15 - 1) + -10.
7
(6 - (-7 + 0)) + (-28 - -16) + -3
-2
7 + (-4 - 0) - (108 + -86)
-19
What is the value of (-9 - (2 - 9)) + 1 - (2 - 8)?
5
(13 - 35) + 20 - -70 - (2 + -3 + -5)
74
What is the value of (-8 - (-17 + 3)) + 10 - -21?
37
(-3 + -7 + -111 - (-158 + 153)) + -8
-124
Calculate -233 + 232 - (-15 + 11 + -2 + -116).
121
Evaluate (-8 - -3) + (4 - (-2 + 2) - 0) - -24.
23
Evaluate 6 + -37 + 14 + (23 - -6).
12
What is the value of (27 - (68 + -27)) + -46?
-60
What is the value of (-6 - -8) + -2 + 82?
82
Calculate 39 + 119 + (-2 - 83).
73
Evaluate (12 - (71 + -62 + (-1 - 2))) + -40.
-34
-6 + -2 + 1 + (-89 - -170 - 42)
32
Evaluate (-4 - (-6 + 0 - (-17 - -1))) + 34 + -30.
-10
What is the value of 18 + -19 + 162 + (29 - 62)?
128
What is (1 - -2 - 1) + (-4116 - -4128)?
14
What is the value of -1 - (-4 + 3) - (-131 + 113)?
18
Calculate 2 - (5 + -12) - (3 + -20 + 9 - 37).
54
What is -3 + -5 + 14 + (3 - (-31 + 72))?
-32
Evaluate 6 + -2 + (-2 - -66) + (-94 - -96) + -15.
55
Calculate 106 + -50 + 44 + -84.
16
Evaluate -12 + (2 + -3 + 38 - (46 + -38)).
17
Calculate (-44 - 4) + -32 - -94.
14
22 - ((-28 - -2) + -540 + 547)
41
(42 - 96) + -3 + (-1 + 2 - (4 + -12))
-48
Evaluate (0 - 5 - (14 - 18) - 4) + (-10 - -73).
58
What is -166 - (-70 - (-67 + 10 + 34))?
-119
Calculate 288 + 8 - 188 - (2 - 1).
107
What is the value of 22 - 134 - (183 + -214)?
-81
Evaluate -1 + -47 + -869 + 883.
-34
Calculate 1 - (-5 + -122 - (63 - 101)).
90
Evaluate -5 + (0 + -1 + -39 - ((101 - -36) + -142)).
-40
Calculate 19 - -1 - (43 + -27 - (-24 - -37)).
17
What is (-8 - 1) + -4 + -5 + (-20 - -16)?
-22
78 - (28 + 20) - 3
27
What is the value of -53 + -19 + 53 + (1 - 11) - (9 - 1)?
-37
Evaluate 35 + -81 + -43 + 108.
19
Evaluate -2 + -5 + 12 + 11 + -13 + 18.
21
What is the value of (-8 - -1 - (-1 + 2)) + (146 - 155)?
-17
What is the value of -64 + -38 + 79 - (-49 - -51)?
-25
Calculate (24 - 19 - 16) + -58 + -16.
-85
Calculate (31 - 0) + 28 + (-3 - (8 - -13)).
35
What is the value of 3 + -13 + -69 + 34 + -30?
-75
What is (8 - 14) + 13 + 16 + -11?
12
72 + -15 - 62 - 20
-25
-15 - (-11 + 88 - 32)
-60
What is the value of (-7 - 10) + 18 - (-18 - -2)?
17
What is the value of 42 + -60 - (9 - -1) - (14 + -4)?
-38
16 - 5 - (-8 + (15 - -4)) - 40
-40
Calculate (-30 - 2) + -16 + (-2 - (-21 - -9)).
-38
(2 + 12 - (9 + 64)) + (-14 - -25)
-48
What is 10 - 2 - (-93 - -51 - -25 - (-64 + 0))?
-39
Evaluate 17 + (4 - 8) - (-7 - (-63 + 68)).
25
-76 + 0 + (6 - 2) + (113 - 127)
-86
What is the value of -90 - (2 + 7 + -6 + 2 + 10 + -8)?
-97
What is the value of -15 + 17 + 7 + -3 + -4?
2
Evaluate 73 - ((51 - 30) + -10 + -14).
76
What is -12 + -1 - (4034 + -4049)?
2
What is -14 + 11 + (-12 + 3 - -19) + (3 - 3)?
7
Calculate -1 + 5 + (-650 - -668).
22
What is -835 + 843 + (1 - 4) + -1 - -8?
12
Evaluate (4 - 14) + 14 + (38 - -23).
65
What is 67 - 49 - -20 - 40?
-2
What is -45 + (-46 + -6 - -113)?
16
What is 3 - -155 - (-214 + 284)?
88
What is -16 - (-2 + 1) - (-2 - (-54 - -2))?
-65
(5 - (10 + -2) - 11) + -14 + 4
-24
Calculate -189 + 61 + -62 + 127.
-63
(1 - -6) + 107 + -54 + (-9 - 6)
45
What is the value of -22 - -26 - (-5 + 0 + -3) - 2?
10
Calculate -1 - (-2 - 22) - (675 - 693).
41
What is the value of -65 - (-50 - -2 - -88)?
-105
3 - (-11 - (-12 + 0 - -4 - -3)) - 66
-57
Evaluate (-53 - (53 + -31)) + 48.
-27
Calculate 12 + -2 + -439 + 403.
-26
What is the value of (127 - 148) + (4 + -5 - -2 - (-2 + 0))?
-18
What is the value of -47 - -53 - (-13 + 13) - 91?
-85
1 + (24 - -22) + 25 - (-6 + -13)
91
Calculate -4 + -5 + 1002 + -1091.
-98
14 - -40 - 80 - -59
33
Evaluate -35 + (3 - (4 + (4 - 1))).
-39
What is -69 - (29 + -103) - -40?
45
Calculate (6 - -41 - (-7 - -23)) + -6.
25
Evaluate (67 - (89 + -63)) + -37.
4
Evaluate 8 + 46 + (6 - (-9 - -29)).
40
Evaluate -82 + (159 - (21 + 77)).
-21
Calculate -3852 + 3894 - (138 + 3 + -2).
-97
What is the value of -46 - (-41 - 13 - -31)?
-23
What is the value of 35 + 2 + 0 - (101 - 14 - 85)?
35
What is 14 + -1 + (560 - 581)?
-8
What is the value of -49 - (0 + -30 + 16)?
-35
What is the value of -671 + 665 + (1 - (-7 + 2)) - -30?
30
What is the value of -16 + -1 + 72 + -35 + -13?
7
(22 - (4 - 3)) + (18 - -1 - 35) + 23
28
Evaluate -69 + 61 - 17 - (1 - 9).
-17
-4 - -11 - (2 - -24)
-19
What is the value of -114 - (121 + -129 + 11)?
-117
Calculate -118 + 209 + 6 + -2 + -7 + -4.
84
0 + -1 + -38 + -21500 + 21562
23
-5427 - -5423 - (-1 - 70)
67
What is -38 + 1 + (-72 - (-102 - -18))?
-25
What is the value of (-753 - -754) + 3 + -1?
3
88 + 1 - (-1134 - -1301)
-78
What is 223 + -211 - (0 + 21) - (-136 - (8 - 3))?
132
Calculate 53 + (1 + -9 - (-285 - -257)).
73
Evaluate -107 + (-40 - (-101 - 6)).
-40
What is the value of (-8 - -6) + -5 + 14 + 13?
20
-14 + 1 - (-8 + (13 - -6) - 29 - -12)
-7
6 + (37 - 2) + -48 - (-6 - -1)
-2
Evaluate -10 + 45 + (-5 - -18 - 195).
-147
Calculate -23 - (27 - 7 - (-3 - -9 - 94)).
-131
What is the value of -2 + -7 + (40 - (15 + -5 + (-4 - 10)))?
35
Calculate -5 + -9 + (8 - 6) - (-122 + -23 + 13).
120
8 + -1 + -21 + (-4 - (-28 - -44)) + -10
-44
Calculate -13 + (-1 - (-19 + 9)) - (-20 + 4).
12
Evaluate -2169 - -2178 - (1 - -13).
-5
Calculate -4 + 10 + -4 - (-15 + -32 + 14).
35
What is the value of (35 - -1) + -13 - 26 - (37 - -3)?
-43
What is the value of 62 - -2 - (15 - 17) - 20?
46
What is -85 - -42 - (210 + -195)?
-58
What is the value of -13 + (19 + -11 - -16)?
11
-26 + -19 + -5 + 51
1
Evaluate 29 + (34 - 29) - 54 - 46.
-66
What is 48 + -5 - 3 - 24?
16
What is the value of -90 + (6 + 6 - (18 + -35 + 16)) + -4?
-81
-78 + 50 + -12 + -10
-50
Evaluate 206 + -3 + -2896 + 2793.
100
Calculate 4786 - 4757 - (32 + 1).
-4
What is (166 - 493) + 262 + (0 - 1) + (-1 - -15)?
-52
What is the value of 2 + (20 - 38) + 25 - ((45 - -1) + -2)?
-35
What is the value of -32 + 110 - ((65 - 8) + -22)?
43
Evaluate 3 + (-20 - -40) - 30.
-7
Evaluate -95 + (28 - (-81 + 55)).
-41
What is -3 + -2 + -5 + -40 + -2 + 47?
-5
33 + (-44 + 22 - 26)
-15
What is -29 - (2 + 28 - (206 - 214))?
-67
What is the value of -10 + (11 + -6 + -21 - -19) - (1 + 47)?
-55
Calculate 22 - ((20 - (43 - (25 - 9))) + 4 + 0).
25
-14 - (5 + 5 - (-32 - -10 - -82))
36
What is the value of (-94 - (6 + -11)) + 89?
0
Calculate -16 - (-16 - 53 - (-1 + -7)) - 17.
28
Evaluate 7 + 21 + -37 + -13 + 12.
-10
Evaluate -19 - ((-6 - -19) + -25 + 16).
-23
Evaluate 83 - (-22 - -26) - (10 + 2 + -34).
101
Calculate (0 - 6) + 129 + -114 + -37 - (-10 - 0).
-18
-27 - ((-48 - (-5 + -10)) + 105)
-99
Calculate -1 - (-63 - -47) - (-1 + 30 + -2).
-12
-15 - (2 + (57 - (-8 + 2)))
-80
What is 49 + (58 - 89) + (-65 - 1)?
-48
-7 + 5 - -82 - (9 - (28 - 25))
74
Evaluate (66 + (-35 - -14) - 23) + -8 + 5.
19
Calculate 5 + 49 - (2 + -4 + 7).
49
What is -14 + -27 + (17 - 17)?
-41
What is the value of (-2 - 3) + -43 + -27 + 10 + 18?
-47
(-89 - -12) + (15 - 6)
-68
What is the value of 103 - (381 + -113 - 95)?
-70
What is the value of -25 + -1 + (13 - 4) - (21 - 14)?
-24
47 - (11 + -24 + 47 + -9)
22
What is the value of (24 - (-12 - -9)) + -2 - -28?
53
-102 +